 prime?
False
Is 4927367 composite?
True
Is 1154173 a prime number?
True
Is 7514371 a prime number?
True
Is 46703351 a prime number?
True
Is 15099881 a composite number?
True
Is 44042611 a prime number?
True
Is 26928779 composite?
True
Is 2464177 a prime number?
True
Is 4427503 prime?
True
Is 536399 composite?
False
Is 1297739 a prime number?
True
Is 117572599 composite?
False
Is 39625121 composite?
False
Is 7781209 composite?
True
Is 122916173 a composite number?
False
Is 47805431 composite?
True
Is 114351583 prime?
False
Is 176975423 a prime number?
False
Is 10374937 composite?
False
Is 54448358 a composite number?
True
Is 2257361 a composite number?
False
Is 29205719 composite?
False
Is 175123007 a prime number?
True
Is 90170915 a composite number?
True
Is 449244563 composite?
False
Is 16758793 composite?
True
Is 77343103 prime?
True
Is 640613 a prime number?
True
Is 281958419 a composite number?
False
Is 3803311 a composite number?
False
Is 5538149 prime?
True
Is 13657871 prime?
False
Is 9622409 a prime number?
False
Is 323144491 a composite number?
True
Is 8900939 prime?
True
Is 80309 a prime number?
True
Is 14129549 composite?
True
Is 3629039 a composite number?
False
Is 998743 composite?
False
Is 742020529 prime?
False
Is 618521 composite?
False
Is 1990267 prime?
False
Is 440620597 prime?
True
Is 162820057 prime?
True
Is 43345779 a composite number?
True
Is 19400483 composite?
False
Is 61913947 composite?
False
Is 57283451 a composite number?
False
Is 10437131 a prime number?
False
Is 3816571 a composite number?
True
Is 127207609 composite?
False
Is 3453679 prime?
False
Is 5684233 a prime number?
True
Is 505592723 prime?
True
Is 85672901 a composite number?
False
Is 6946855 composite?
True
Is 49774999 a composite number?
False
Is 3439246 a prime number?
False
Is 3796699 prime?
False
Is 1110094894 a prime number?
False
Is 2521309 a prime number?
False
Is 100906733 a prime number?
False
Is 201010961 a prime number?
False
Is 53524421 composite?
True
Is 19624553 composite?
True
Is 138860941 composite?
True
Is 12523583 composite?
False
Is 2268569 a prime number?
False
Is 2805311 a composite number?
False
Is 7587487 a composite number?
True
Is 9905377 a prime number?
True
Is 247208197 prime?
True
Is 36615091 a prime number?
False
Is 23754667 a composite number?
True
Is 1252103 a prime number?
True
Is 2024845 composite?
True
Is 18007711 a prime number?
False
Is 7761827 composite?
False
Is 7101191 a prime number?
False
Is 633149 a prime number?
False
Is 453527 composite?
False
Is 548900189 prime?
True
Is 3215159 a prime number?
False
Is 10879009 prime?
False
Is 57090361 prime?
True
Is 77477483 a composite number?
True
Is 2797841 a composite number?
False
Is 6987359 composite?
False
Is 2387771 a prime number?
False
Is 13399153 composite?
False
Is 5357303 prime?
False
Is 9473897 a composite number?
False
Is 3882097 composite?
True
Is 444271 a prime number?
True
Is 13881107 composite?
True
Is 2149639 a prime number?
False
Is 37549457 composite?
True
Is 5203409 prime?
True
Is 146165657 a composite number?
True
Is 38456309 composite?
False
Is 15197659 prime?
True
Is 1168523 a composite number?
False
Is 604223 a prime number?
True
Is 4750673 composite?
True
Is 930361 composite?
True
Is 111673699 a composite number?
True
Is 18264143 a prime number?
True
Is 375971 prime?
True
Is 4229047 a composite number?
False
Is 768346 a prime number?
False
Is 3147071 a prime number?
False
Is 111687683 composite?
False
Is 4231339 a prime number?
False
Is 25011611 a composite number?
False
Is 417476443 a prime number?
False
Is 581695381 composite?
False
Is 51836839 composite?
True
Is 289657 a composite number?
False
Is 8443217 prime?
False
Is 42021193 composite?
True
Is 6868189 a prime number?
True
Is 115933157 a composite number?
False
Is 461172443 prime?
False
Is 165534701 prime?
True
Is 430514054 prime?
False
Is 1245047 composite?
True
Is 7200457 composite?
True
Is 249064099 a composite number?
False
Is 2701177 composite?
False
Is 3570217 a composite number?
True
Is 27192497 a prime number?
True
Is 1858949 a prime number?
False
Is 940421 prime?
True
Is 9063889 prime?
True
Is 15681667 a prime number?
False
Is 10408739 composite?
True
Is 43455667 a prime number?
False
Is 503413 composite?
False
Is 115379909 a composite number?
False
Is 9349579 composite?
False
Is 2288717 composite?
True
Is 63339109 composite?
False
Is 140467051 prime?
True
Is 2052265 a prime number?
False
Is 60911943 a prime number?
False
Is 1677693 composite?
True
Is 180961927 composite?
False
Is 1101552017 a composite number?
False
Is 3345499 prime?
False
Is 9559103 prime?
True
Is 259409 composite?
True
Is 53555639 prime?
True
Is 2754005 composite?
True
Is 1125853 a composite number?
True
Is 997542501 a composite number?
True
Is 8209897 composite?
True
Is 154015973 composite?
False
Is 7185181 a prime number?
False
Is 25400347 composite?
True
Is 9682787 prime?
False
Is 496547449 composite?
True
Is 71383537 a prime number?
False
Is 80271753 composite?
True
Is 1398733 composite?
True
Is 45969691 a prime number?
True
Is 283405949 a composite number?
False
Is 194992591 a composite number?
True
Is 2578451 a composite number?
False
Is 1972769 composite?
True
Is 4794983 prime?
True
Is 4575097 composite?
True
Is 1991947 composite?
False
Is 2730763457 prime?
True
Is 72903907 a prime number?
False
Is 30252205 prime?
False
Is 4280477 prime?
True
Is 213066515 composite?
True
Is 46261 a composite number?
False
Is 1005839411 prime?
True
Is 105094217 a composite number?
False
Is 247612961 a prime number?
False
Is 3432253 prime?
False
Is 37725223 composite?
True
Is 28945447 prime?
True
Is 347147039 a composite number?
False
Is 41348537 a prime number?
True
Is 3604871 a composite number?
False
Is 159171043 composite?
False
Is 216392161 a prime number?
True
Is 73262287 a prime number?
False
Is 15378229 a composite number?
False
Is 19675517 prime?
True
Is 228498811 prime?
False
Is 32494951 a prime number?
True
Is 2946745 a composite number?
True
Is 80721289 prime?
False
Is 4957969 a prime number?
True
Is 2328657 a prime number?
False
Is 17546743 a prime number?
True
Is 855871 a prime number?
False
Is 24740839 prime?
True
Is 5195527 prime?
False
Is 5294213 composite?
False
Is 5758669 composite?
True
Is 67347169 composite?
False
Is 952057 a prime number?
True
Is 875531 prime?
False
Is 1773665587 a composite number?
False
Is 81497893 a composite number?
False
Is 3084247 a prime number?
True
Is 54368638 a prime number?
False
Is 1347587 prime?
True
Is 395377 composite?
False
Is 288302681 composite?
False
Is 32511131 a prime number?
False
Is 316401 composite?
True
Is 273739 a prime number?
True
Is 271266997 a composite number?
True
Is 31643 a composite number?
False
Is 22084009 a composite number?
True
Is 9464363 composite?
False
Is 72162383 a composite number?
False
Is 106753513 a composite number?
False
Is 213912871 a composite number?
False
Is 2582311 a composite number?
False
Is 44651177 prime?
False
Is 18309769 a prime number?
True
Is 4085557 prime?
False
Is 203695651 a prime number?
False
Is 5918554 composite?
True
Is 65354437 composite?
True
Is 1069631 prime?
True
Is 2812883 a composite number?
False
Is 241777 prime?
False
Is 198307209 a prime number?
False
Is 94163819 prime?
True
Is 23485367 composite?
True
Is 24943643 prime?
False
Is 2929621 a composite number?
False
Is 3686539 a prime number?
False
Is 5509249 prime?
True
Is 1275863 a prime number?
True
Is 20753627 prime?
True
Is 406547 composite?
False
Is 14359753 a prime number?
False
Is 7520257 a composite number?
True
Is 110325307 prime?
False
Is 2971453 a composite number?
True
Is 1311906377 composite?
False
Is 50671 composite?
False
Is 898822 a prime number?
False
Is 3370771 composite?
True
Is 795427 prime?
True
Is 3282718 a composite number?
True
Is 430841105 composite?
True
Is 3154799 a composite number?
False
Is 17649347 a composite number?
True
Is 11313961 prime?
True
Is 7004263 prime?
False
Is 115027439 a composite number?
True
Is 10178951 a composite number?
True
Is 476529 prime?
False
Is 27986029 a prime number?
False
Is 787282439 a prime number?
True
Is 480707 a composite number?
False
Is 2339731 a composite number?
False
Is 171609953 a prime nu